{"id":10,"date":"2025-05-21T17:00:58","date_gmt":"2025-05-21T17:00:58","guid":{"rendered":"https:\/\/aarca.com.co\/?page_id=10"},"modified":"2025-05-30T22:38:30","modified_gmt":"2025-05-30T22:38:30","slug":"quienes-somos","status":"publish","type":"page","link":"https:\/\/aarca.com.co\/index.php\/quienes-somos\/","title":{"rendered":"Quienes somos"},"content":{"rendered":"\t\t<div data-elementor-type=\"wp-page\" data-elementor-id=\"10\" class=\"elementor elementor-10\" data-elementor-settings=\"{&quot;ha_cmc_init_switcher&quot;:&quot;no&quot;}\" data-elementor-post-type=\"page\">\n\t\t\t\t<div class=\"elementor-element elementor-element-1a52c56e e-flex e-con-boxed elementor-invisible e-con e-parent\" data-id=\"1a52c56e\" data-element_type=\"container\" data-settings=\"{&quot;background_background&quot;:&quot;classic&quot;,&quot;animation&quot;:&quot;zoomIn&quot;,&quot;_ha_eqh_enable&quot;:false}\">\n\t\t\t\t\t<div class=\"e-con-inner\">\n\t\t<div class=\"elementor-element elementor-element-48ca4945 e-con-full e-flex e-con e-child\" data-id=\"48ca4945\" data-element_type=\"container\" data-settings=\"{&quot;_ha_eqh_enable&quot;:false}\">\n\t\t\t\t<div class=\"elementor-element elementor-element-11a1d1c0 elementor-widget elementor-widget-heading\" data-id=\"11a1d1c0\" data-element_type=\"widget\" data-widget_type=\"heading.default\">\n\t\t\t\t<div class=\"elementor-widget-container\">\n\t\t\t\t\t<h2 class=\"elementor-heading-title elementor-size-default\">Nosotros<\/h2>\t\t\t\t<\/div>\n\t\t\t\t<\/div>\n\t\t\t\t<\/div>\n\t\t\t\t\t<\/div>\n\t\t\t\t<\/div>\n\t\t<div class=\"elementor-element elementor-element-1297c1d6 e-flex e-con-boxed e-con e-parent\" data-id=\"1297c1d6\" data-element_type=\"container\" data-settings=\"{&quot;_ha_eqh_enable&quot;:false}\">\n\t\t\t\t\t<div class=\"e-con-inner\">\n\t\t<div class=\"elementor-element elementor-element-29926e29 e-con-full e-flex e-con e-child\" data-id=\"29926e29\" data-element_type=\"container\" data-settings=\"{&quot;_ha_eqh_enable&quot;:false}\">\n\t\t\t\t<div class=\"elementor-element elementor-element-5cd575ac elementor-widget elementor-widget-heading\" data-id=\"5cd575ac\" data-element_type=\"widget\" data-widget_type=\"heading.default\">\n\t\t\t\t<div class=\"elementor-widget-container\">\n\t\t\t\t\t<h2 class=\"elementor-heading-title elementor-size-default\">Bienvenidos a AARCA<\/h2>\t\t\t\t<\/div>\n\t\t\t\t<\/div>\n\t\t\t\t<div class=\"elementor-element elementor-element-2cfef1b0 elementor-widget-divider--view-line elementor-widget elementor-widget-divider\" data-id=\"2cfef1b0\" data-element_type=\"widget\" data-widget_type=\"divider.default\">\n\t\t\t\t<div class=\"elementor-widget-container\">\n\t\t\t\t\t\t\t<div class=\"elementor-divider\">\n\t\t\t<span class=\"elementor-divider-separator\">\n\t\t\t\t\t\t<\/span>\n\t\t<\/div>\n\t\t\t\t\t\t<\/div>\n\t\t\t\t<\/div>\n\t\t\t\t<div class=\"elementor-element elementor-element-2d7a5283 elementor-invisible elementor-widget elementor-widget-heading\" data-id=\"2d7a5283\" data-element_type=\"widget\" data-settings=\"{&quot;_animation&quot;:&quot;fadeInLeft&quot;}\" data-widget_type=\"heading.default\">\n\t\t\t\t<div class=\"elementor-widget-container\">\n\t\t\t\t\t<h2 class=\"elementor-heading-title elementor-size-default\">NUESTRA OPERACI\u00d3N\n<\/h2>\t\t\t\t<\/div>\n\t\t\t\t<\/div>\n\t\t\t\t<div class=\"elementor-element elementor-element-5765b1c9 elementor-invisible elementor-widget elementor-widget-text-editor\" data-id=\"5765b1c9\" data-element_type=\"widget\" data-settings=\"{&quot;_animation&quot;:&quot;fadeInLeft&quot;}\" data-widget_type=\"text-editor.default\">\n\t\t\t\t<div class=\"elementor-widget-container\">\n\t\t\t\t\t\t\t\t\t<p>La recolecci\u00f3n de residuos aprovechables se lleva a cabo seis veces por semana, en horarios previamente establecidos y comunicados a la comunidad. Nuestro equipo de trabajo est\u00e1 debidamente uniformado e identificado, lo que genera mayor confianza y seguridad entre los usuarios. Todas las actividades se desarrollan de forma limpia, organizada y eficiente. Adem\u00e1s, mantenemos un contacto constante con los usuarios mediante nuestros recuperadores, quienes hacen parte activa de AARCA, promoviendo la educaci\u00f3n ambiental y fortaleciendo la cultura de separaci\u00f3n en la fuente. Nuestro objetivo es incrementar el volumen de materiales reciclables y aportar significativamente al bienestar y sostenibilidad de nuestro entorno.<\/p>\t\t\t\t\t\t\t\t<\/div>\n\t\t\t\t<\/div>\n\t\t<div class=\"elementor-element elementor-element-3fc29dfd e-con-full e-flex e-con e-child\" data-id=\"3fc29dfd\" data-element_type=\"container\" data-settings=\"{&quot;_ha_eqh_enable&quot;:false}\">\n\t\t\t\t<div class=\"elementor-element elementor-element-1898122f elementor-mobile-align-center elementor-invisible elementor-widget elementor-widget-button\" data-id=\"1898122f\" data-element_type=\"widget\" data-settings=\"{&quot;_animation&quot;:&quot;fadeInLeft&quot;}\" data-widget_type=\"button.default\">\n\t\t\t\t<div class=\"elementor-widget-container\">\n\t\t\t\t\t\t\t\t\t<div class=\"elementor-button-wrapper\">\n\t\t\t\t\t<a class=\"elementor-button elementor-button-link elementor-size-sm\" href=\"https:\/\/api.whatsapp.com\/send\/?phone=573052824319&#038;text=Hola+%2AAARCA%2A.+Necesito+m%C3%A1s+informaci%C3%B3n+sobre+AARCA+https%3A%2F%2Faarca.com.co%2F&#038;type=phone_number&#038;app_absent=0\">\n\t\t\t\t\t\t<span class=\"elementor-button-content-wrapper\">\n\t\t\t\t\t\t\t\t\t<span class=\"elementor-button-text\">Whatsapp<\/span>\n\t\t\t\t\t<\/span>\n\t\t\t\t\t<\/a>\n\t\t\t\t<\/div>\n\t\t\t\t\t\t\t\t<\/div>\n\t\t\t\t<\/div>\n\t\t\t\t<\/div>\n\t\t\t\t<\/div>\n\t\t<div class=\"elementor-element elementor-element-425594fb e-con-full e-flex e-con e-child\" data-id=\"425594fb\" data-element_type=\"container\" data-settings=\"{&quot;_ha_eqh_enable&quot;:false}\">\n\t\t\t\t<div class=\"elementor-element elementor-element-b5b7bed elementor-widget elementor-widget-image\" data-id=\"b5b7bed\" data-element_type=\"widget\" data-widget_type=\"image.default\">\n\t\t\t\t<div class=\"elementor-widget-container\">\n\t\t\t\t\t\t\t\t\t\t\t\t\t\t\t<img fetchpriority=\"high\" decoding=\"async\" width=\"1024\" height=\"770\" src=\"https:\/\/aarca.com.co\/wp-content\/uploads\/2025\/05\/WhatsApp-Image-2025-05-21-at-6.42.28-AM-1-1024x770.jpeg\" class=\"attachment-large size-large wp-image-250\" alt=\"\" srcset=\"https:\/\/aarca.com.co\/wp-content\/uploads\/2025\/05\/WhatsApp-Image-2025-05-21-at-6.42.28-AM-1-1024x770.jpeg 1024w, https:\/\/aarca.com.co\/wp-content\/uploads\/2025\/05\/WhatsApp-Image-2025-05-21-at-6.42.28-AM-1-300x226.jpeg 300w, https:\/\/aarca.com.co\/wp-content\/uploads\/2025\/05\/WhatsApp-Image-2025-05-21-at-6.42.28-AM-1-768x578.jpeg 768w, https:\/\/aarca.com.co\/wp-content\/uploads\/2025\/05\/WhatsApp-Image-2025-05-21-at-6.42.28-AM-1.jpeg 1280w\" sizes=\"(max-width: 1024px) 100vw, 1024px\" \/>\t\t\t\t\t\t\t\t\t\t\t\t\t\t\t<\/div>\n\t\t\t\t<\/div>\n\t\t<div class=\"elementor-element elementor-element-6f7e7c88 e-con-full e-flex e-con e-child\" data-id=\"6f7e7c88\" data-element_type=\"container\" data-settings=\"{&quot;_ha_eqh_enable&quot;:false}\">\n\t\t<div class=\"elementor-element elementor-element-3d57892e e-con-full e-flex e-con e-child\" data-id=\"3d57892e\" data-element_type=\"container\" data-settings=\"{&quot;background_background&quot;:&quot;classic&quot;,&quot;_ha_eqh_enable&quot;:false}\">\n\t\t\t\t<div class=\"elementor-element elementor-element-7d3f18bb elementor-widget elementor-widget-counter\" data-id=\"7d3f18bb\" data-element_type=\"widget\" data-widget_type=\"counter.default\">\n\t\t\t\t<div class=\"elementor-widget-container\">\n\t\t\t\t\t\t\t<div class=\"elementor-counter\">\n\t\t\t\t\t\t<div class=\"elementor-counter-number-wrapper\">\n\t\t\t\t<span class=\"elementor-counter-number-prefix\"><\/span>\n\t\t\t\t<span class=\"elementor-counter-number\" data-duration=\"2000\" data-to-value=\"5\" data-from-value=\"0\" data-delimiter=\",\">0<\/span>\n\t\t\t\t<span class=\"elementor-counter-number-suffix\">+<\/span>\n\t\t\t<\/div>\n\t\t<\/div>\n\t\t\t\t\t\t<\/div>\n\t\t\t\t<\/div>\n\t\t\t\t<div class=\"elementor-element elementor-element-7f143d0 elementor-widget elementor-widget-text-editor\" data-id=\"7f143d0\" data-element_type=\"widget\" data-widget_type=\"text-editor.default\">\n\t\t\t\t<div class=\"elementor-widget-container\">\n\t\t\t\t\t\t\t\t\t<p>A\u00f1os de Expereincia<\/p>\t\t\t\t\t\t\t\t<\/div>\n\t\t\t\t<\/div>\n\t\t\t\t<\/div>\n\t\t\t\t<\/div>\n\t\t\t\t<\/div>\n\t\t\t\t\t<\/div>\n\t\t\t\t<\/div>\n\t\t<div class=\"elementor-element elementor-element-20f212f e-flex e-con-boxed e-con e-parent\" data-id=\"20f212f\" data-element_type=\"container\" data-settings=\"{&quot;_ha_eqh_enable&quot;:false}\">\n\t\t\t\t\t<div class=\"e-con-inner\">\n\t\t\t\t<div class=\"elementor-element elementor-element-74ae6b3e elementor-widget elementor-widget-heading\" data-id=\"74ae6b3e\" data-element_type=\"widget\" data-widget_type=\"heading.default\">\n\t\t\t\t<div class=\"elementor-widget-container\">\n\t\t\t\t\t<h2 class=\"elementor-heading-title elementor-size-default\">QUI\u00c9NES SOMOS<\/h2>\t\t\t\t<\/div>\n\t\t\t\t<\/div>\n\t\t\t\t<div class=\"elementor-element elementor-element-1b714225 elementor-widget elementor-widget-text-editor\" data-id=\"1b714225\" data-element_type=\"widget\" data-widget_type=\"text-editor.default\">\n\t\t\t\t<div class=\"elementor-widget-container\">\n\t\t\t\t\t\t\t\t\t<h5>En AARCA somos una entidad sin \u00e1nimo de lucro<br \/>comprometida con el aprovechamiento responsable<br \/>de residuos reciclables. Fuimos constituidos<br \/>legalmente en la ciudad de Barranquilla el 26 de<br \/>febrero del a\u00f1o 2019, con personer\u00eda jur\u00eddica<br \/>registrada ante la C\u00e1mara de Comercio. Nuestra<br \/>raz\u00f3n de ser se basa en valorar y visibilizar el trabajo<br \/>del reciclador y recuperador de oficio, promoviendo<br \/>su inclusi\u00f3n social y laboral dentro de un modelo<br \/>ambientalmente sostenible<\/h5>\t\t\t\t\t\t\t\t<\/div>\n\t\t\t\t<\/div>\n\t\t\t\t\t<\/div>\n\t\t\t\t<\/div>\n\t\t<div class=\"elementor-element elementor-element-9e90a10 e-flex e-con-boxed e-con e-parent\" data-id=\"9e90a10\" data-element_type=\"container\" data-settings=\"{&quot;_ha_eqh_enable&quot;:false}\">\n\t\t\t\t\t<div class=\"e-con-inner\">\n\t\t<div class=\"elementor-element elementor-element-94c3cfa e-con-full e-flex e-con e-child\" data-id=\"94c3cfa\" data-element_type=\"container\" data-settings=\"{&quot;_ha_eqh_enable&quot;:false}\">\n\t\t\t\t<div class=\"elementor-element elementor-element-28f285e elementor-widget elementor-widget-text-editor\" data-id=\"28f285e\" data-element_type=\"widget\" data-widget_type=\"text-editor.default\">\n\t\t\t\t<div class=\"elementor-widget-container\">\n\t\t\t\t\t\t\t\t\t<h5><strong>VISI\u00d3N<\/strong><\/h5><p>Ser pioneros en la estructuraci\u00f3n de la industria<br \/>del aprovechamiento de residuos<br \/>reutilizables y para el 2025 ser l\u00edderes destacados<br \/>por el apoyo a los recuperadores<br \/>de oficio y por el compromiso consolidando las<br \/>estaciones de clasificaci\u00f3n y<br \/>aprovechamiento en el atl\u00e1ntico.<\/p>\t\t\t\t\t\t\t\t<\/div>\n\t\t\t\t<\/div>\n\t\t\t\t<\/div>\n\t\t<div class=\"elementor-element elementor-element-189c662 e-con-full e-flex e-con e-child\" data-id=\"189c662\" data-element_type=\"container\" data-settings=\"{&quot;_ha_eqh_enable&quot;:false}\">\n\t\t\t\t<div class=\"elementor-element elementor-element-5db2aa0 elementor-widget elementor-widget-text-editor\" data-id=\"5db2aa0\" data-element_type=\"widget\" data-widget_type=\"text-editor.default\">\n\t\t\t\t<div class=\"elementor-widget-container\">\n\t\t\t\t\t\t\t\t\t<h5><strong>MISI\u00d3N <\/strong><\/h5><p>Agregar valor a la actividad de aprovechamiento,<br \/>crear una conciencia ecol\u00f3gica,<br \/>hacer que sea sustentable para todos los<br \/>inmersos en el desarrollo de la misma<br \/>actividad de recuperaci\u00f3n y para el medio medio<br \/>ambiente, adem\u00e1s de impactar<br \/>positivamente a nuestros asociados, aliados<br \/>comerciales y el ecosistema.<\/p>\t\t\t\t\t\t\t\t<\/div>\n\t\t\t\t<\/div>\n\t\t\t\t<\/div>\n\t\t\t\t\t<\/div>\n\t\t\t\t<\/div>\n\t\t<div class=\"elementor-element elementor-element-705148b3 e-flex e-con-boxed e-con e-parent\" data-id=\"705148b3\" data-element_type=\"container\" data-settings=\"{&quot;background_background&quot;:&quot;classic&quot;,&quot;_ha_eqh_enable&quot;:false}\">\n\t\t\t\t\t<div class=\"e-con-inner\">\n\t\t\t\t<div class=\"elementor-element elementor-element-86b8780 elementor-widget elementor-widget-image\" data-id=\"86b8780\" data-element_type=\"widget\" data-widget_type=\"image.default\">\n\t\t\t\t<div class=\"elementor-widget-container\">\n\t\t\t\t\t\t\t\t\t\t\t\t\t\t\t<img decoding=\"async\" width=\"724\" height=\"1024\" src=\"https:\/\/aarca.com.co\/wp-content\/uploads\/2025\/05\/VALORES-CORPORATIVOS-AARCA-724x1024.png\" class=\"attachment-large size-large wp-image-911\" alt=\"\" srcset=\"https:\/\/aarca.com.co\/wp-content\/uploads\/2025\/05\/VALORES-CORPORATIVOS-AARCA-724x1024.png 724w, https:\/\/aarca.com.co\/wp-content\/uploads\/2025\/05\/VALORES-CORPORATIVOS-AARCA-212x300.png 212w, https:\/\/aarca.com.co\/wp-content\/uploads\/2025\/05\/VALORES-CORPORATIVOS-AARCA-768x1086.png 768w, https:\/\/aarca.com.co\/wp-content\/uploads\/2025\/05\/VALORES-CORPORATIVOS-AARCA-1086x1536.png 1086w, https:\/\/aarca.com.co\/wp-content\/uploads\/2025\/05\/VALORES-CORPORATIVOS-AARCA.png 1191w\" sizes=\"(max-width: 724px) 100vw, 724px\" \/>\t\t\t\t\t\t\t\t\t\t\t\t\t\t\t<\/div>\n\t\t\t\t<\/div>\n\t\t\t\t\t<\/div>\n\t\t\t\t<\/div>\n\t\t<div class=\"elementor-element elementor-element-c366783 e-flex e-con-boxed e-con e-parent\" data-id=\"c366783\" data-element_type=\"container\" data-settings=\"{&quot;_ha_eqh_enable&quot;:false}\">\n\t\t\t\t\t<div class=\"e-con-inner\">\n\t\t\t\t\t<\/div>\n\t\t\t\t<\/div>\n\t\t\t\t<\/div>\n\t\t","protected":false},"excerpt":{"rendered":"<p>Nosotros Bienvenidos a AARCA NUESTRA OPERACI\u00d3N La recolecci\u00f3n de residuos aprovechables se lleva a cabo seis veces por semana, en [&hellip;]<\/p>\n","protected":false},"author":1,"featured_media":0,"parent":0,"menu_order":0,"comment_status":"closed","ping_status":"closed","template":"elementor_header_footer","meta":{"site-sidebar-layout":"no-sidebar","site-content-layout":"","ast-site-content-layout":"full-width-container","site-content-style":"default","site-sidebar-style":"default","ast-global-header-display":"","ast-banner-title-visibility":"","ast-main-header-display":"","ast-hfb-above-header-display":"","ast-hfb-below-header-display":"","ast-hfb-mobile-header-display":"","site-post-title":"disabled","ast-breadcrumbs-content":"","ast-featured-img":"disabled","footer-sml-layout":"","theme-transparent-header-meta":"","adv-header-id-meta":"","stick-header-meta":"","header-above-stick-meta":"","header-main-stick-meta":"","header-below-stick-meta":"","astra-migrate-meta-layouts":"default","ast-page-background-enabled":"default","ast-page-background-meta":{"desktop":{"background-color":"var(--ast-global-color-5)","background-image":"","background-repeat":"repeat","background-position":"center center","background-size":"auto","background-attachment":"scroll","background-type":"","background-media":"","overlay-type":"","overlay-color":"","overlay-opacity":"","overlay-gradient":""},"tablet":{"background-color":"","background-image":"","background-repeat":"repeat","background-position":"center center","background-size":"auto","background-attachment":"scroll","background-type":"","background-media":"","overlay-type":"","overlay-color":"","overlay-opacity":"","overlay-gradient":""},"mobile":{"background-color":"","background-image":"","background-repeat":"repeat","background-position":"center center","background-size":"auto","background-attachment":"scroll","background-type":"","background-media":"","overlay-type":"","overlay-color":"","overlay-opacity":"","overlay-gradient":""}},"ast-content-background-meta":{"desktop":{"background-color":"var(--ast-global-color-4)","background-image":"","background-repeat":"repeat","background-position":"center center","background-size":"auto","background-attachment":"scroll","background-type":"","background-media":"","overlay-type":"","overlay-color":"","overlay-opacity":"","overlay-gradient":""},"tablet":{"background-color":"var(--ast-global-color-4)","background-image":"","background-repeat":"repeat","background-position":"center center","background-size":"auto","background-attachment":"scroll","background-type":"","background-media":"","overlay-type":"","overlay-color":"","overlay-opacity":"","overlay-gradient":""},"mobile":{"background-color":"var(--ast-global-color-4)","background-image":"","background-repeat":"repeat","background-position":"center center","background-size":"auto","background-attachment":"scroll","background-type":"","background-media":"","overlay-type":"","overlay-color":"","overlay-opacity":"","overlay-gradient":""}},"_joinchat":[],"footnotes":""},"class_list":["post-10","page","type-page","status-publish","hentry"],"_links":{"self":[{"href":"https:\/\/aarca.com.co\/index.php\/wp-json\/wp\/v2\/pages\/10","targetHints":{"allow":["GET"]}}],"collection":[{"href":"https:\/\/aarca.com.co\/index.php\/wp-json\/wp\/v2\/pages"}],"about":[{"href":"https:\/\/aarca.com.co\/index.php\/wp-json\/wp\/v2\/types\/page"}],"author":[{"embeddable":true,"href":"https:\/\/aarca.com.co\/index.php\/wp-json\/wp\/v2\/users\/1"}],"replies":[{"embeddable":true,"href":"https:\/\/aarca.com.co\/index.php\/wp-json\/wp\/v2\/comments?post=10"}],"version-history":[{"count":73,"href":"https:\/\/aarca.com.co\/index.php\/wp-json\/wp\/v2\/pages\/10\/revisions"}],"predecessor-version":[{"id":914,"href":"https:\/\/aarca.com.co\/index.php\/wp-json\/wp\/v2\/pages\/10\/revisions\/914"}],"wp:attachment":[{"href":"https:\/\/aarca.com.co\/index.php\/wp-json\/wp\/v2\/media?parent=10"}],"curies":[{"name":"wp","href":"https:\/\/api.w.org\/{rel}","templated":true}]}}